{"id":13260,"date":"2020-11-13T07:20:51","date_gmt":"2020-11-13T06:20:51","guid":{"rendered":"https:\/\/alcala.salesianos.edu\/colegio\/?page_id=13260"},"modified":"2025-08-27T09:04:56","modified_gmt":"2025-08-27T08:04:56","slug":"cooperativo","status":"publish","type":"page","link":"https:\/\/alcala.salesianos.edu\/colegio\/cooperativo\/","title":{"rendered":"Cooperativo"},"content":{"rendered":"<div id=\"fb-root\"><\/div>\n<p>[et_pb_section fb_built=\u00bb1&#8243; fullwidth=\u00bbon\u00bb next_background_color=\u00bb#e8e8e8&#8243; module_id=\u00bbInicio\u00bb _builder_version=\u00bb4.4.6&#8243; bottom_divider_style=\u00bbarrow2&#8243;][et_pb_fullwidth_header title=\u00bbAprendizaje Cooperativo\u00bb text_orientation=\u00bbcenter\u00bb background_overlay_color=\u00bbrgba(220,0,27,0.65)\u00bb _builder_version=\u00bb4.5.8&#8243; title_font=\u00bbLato||||||||\u00bb title_text_align=\u00bbcenter\u00bb title_font_size=\u00bb74px\u00bb title_line_height=\u00bb1.3em\u00bb content_font=\u00bb||on||||||\u00bb content_text_align=\u00bbcenter\u00bb content_font_size=\u00bb18px\u00bb content_line_height=\u00bb1.3em\u00bb subhead_font=\u00bbLato|300|||||||\u00bb subhead_text_align=\u00bbcenter\u00bb subhead_font_size=\u00bb28px\u00bb subhead_line_height=\u00bb1.3em\u00bb background_image=\u00bbhttps:\/\/alcala.salesianos.edu\/colegio\/wp-content\/uploads\/sites\/2\/2020\/11\/Copia-de-Programaciones-4.png\u00bb background_blend=\u00bbdarken\u00bb custom_button_one=\u00bbon\u00bb button_one_border_radius=\u00bb100px\u00bb button_one_letter_spacing=\u00bb0px\u00bb button_one_font=\u00bbLato|||on|||||\u00bb custom_padding=\u00bb150px||120px|||\u00bb button_one_border_color__hover_enabled=\u00bbon|hover\u00bb button_one_border_color__hover=\u00bb#ffffff\u00bb button_one_bg_color__hover_enabled=\u00bbon|hover\u00bb button_one_bg_color__hover=\u00bbrgba(220,0,27,0)\u00bb button_one_bg_enable_color__hover=\u00bbon\u00bb]<\/p>\n<p style=\"text-align: justify;\">\u00a0<span>El aprendizaje cooperativo basado en peque\u00f1os grupos de trabajo crea una atm\u00f3sfera de logro. Los estudiantes trabajan en una tarea hasta que los miembros del grupo la han completado exitosamente.<\/span><\/p>\n<p>[\/et_pb_fullwidth_header][\/et_pb_section][et_pb_section fb_built=\u00bb1&#8243; _builder_version=\u00bb4.4.6&#8243; background_color=\u00bb#e8e8e8&#8243; use_background_color_gradient=\u00bbon\u00bb background_color_gradient_start=\u00bb#e8e8e8&#8243; background_color_gradient_end=\u00bb#e0e0e0&#8243; z_index=\u00bb500&#8243; custom_padding=\u00bb80px||100px|||\u00bb top_divider_color=\u00bb#dc001b\u00bb bottom_divider_style=\u00bbarrow2&#8243; bottom_divider_color=\u00bb#ffffff\u00bb][et_pb_row _builder_version=\u00bb4.3.2&#8243; custom_padding=\u00bb||0px|||\u00bb][et_pb_column type=\u00bb4_4&#8243; _builder_version=\u00bb4.3.2&#8243;][et_pb_text _builder_version=\u00bb4.5.8&#8243; text_font=\u00bb||on||||||\u00bb text_font_size=\u00bb16px\u00bb header_2_font=\u00bbLato|900|||||||\u00bb header_2_text_align=\u00bbcenter\u00bb header_2_font_size=\u00bb40px\u00bb header_2_line_height=\u00bb1.3em\u00bb text_orientation=\u00bbcenter\u00bb]<\/p>\n<p><span color=\"#dc001b\" style=\"color: #dc001b;\"><span style=\"font-size: 32px;\"><b>\u00bfPara qu\u00e9 usamos el cooperativo?<\/b><\/span><\/span><\/p>\n<p>[\/et_pb_text][\/et_pb_column][\/et_pb_row][et_pb_row column_structure=\u00bb1_2,1_2&#8243; _builder_version=\u00bb4.4.6&#8243; custom_padding=\u00bb0px|||||\u00bb][et_pb_column type=\u00bb1_2&#8243; _builder_version=\u00bb4.3.2&#8243;][et_pb_text _builder_version=\u00bb4.5.8&#8243; header_font=\u00bbLato||||||||\u00bb header_text_align=\u00bbcenter\u00bb header_2_line_height=\u00bb1.3em\u00bb header_3_font=\u00bbLato||on||||||\u00bb header_3_text_align=\u00bbcenter\u00bb header_3_font_size=\u00bb23px\u00bb custom_padding=\u00bb30px|||||\u00bb]<\/p>\n<h3 style=\"text-align: justify;\">Para conseguir un aprendizaje m\u00e1s profundo sobre los contenidos que se pretenden al permitir un aprendizaje:<\/h3>\n<ul>\n<li>Basado en el alumno.<\/li>\n<li>Basado en la experiencia.<\/li>\n<li>Da mejor respuesta a los diferentes tipos de inteligencia.<\/li>\n<li>M\u00e1s atractivo<\/li>\n<li>M\u00e1s significativo<\/li>\n<\/ul>\n<p>[\/et_pb_text][et_pb_text _builder_version=\u00bb4.5.8&#8243; header_font=\u00bbLato||||||||\u00bb header_text_align=\u00bbcenter\u00bb header_2_line_height=\u00bb1.3em\u00bb header_3_font=\u00bbLato||on||||||\u00bb header_3_text_align=\u00bbcenter\u00bb header_3_font_size=\u00bb23px\u00bb custom_padding=\u00bb30px|||||\u00bb]<\/p>\n<h3>Para conseguir desarrollar unas competencias gracias al proceso mediante el que se desarrolla el aprendizaje:<\/h3>\n<ul>\n<li>Aprender a aprender y a pensar.<\/li>\n<li>Comunicaci\u00f3n verbal, no verbal y digital.<\/li>\n<li>Convivencia social y c\u00edvica.<\/li>\n<li>Iniciativa y esp\u00edritu emprendedor.<\/li>\n<\/ul>\n<p>[\/et_pb_text][\/et_pb_column][et_pb_column type=\u00bb1_2&#8243; module_id=\u00bbEstudios\u00bb _builder_version=\u00bb4.4.6&#8243;][et_pb_image src=\u00bbhttps:\/\/alcala.salesianos.edu\/colegio\/wp-content\/uploads\/sites\/2\/2020\/11\/Disen\u0303o-sin-ti\u0301tulo-11.png\u00bb title_text=\u00bbDisen\u0303o sin ti\u0301tulo (11)\u00bb _builder_version=\u00bb4.5.8&#8243; _module_preset=\u00bbdefault\u00bb][\/et_pb_image][\/et_pb_column][\/et_pb_row][\/et_pb_section][et_pb_section fb_built=\u00bb1&#8243; admin_label=\u00bbsection\u00bb module_id=\u00bbESO\u00bb _builder_version=\u00bb4.3.2&#8243; custom_padding=\u00bb60px|||||\u00bb][et_pb_row _builder_version=\u00bb4.3.2&#8243; custom_padding=\u00bb87px|||||\u00bb][et_pb_column type=\u00bb4_4&#8243; _builder_version=\u00bb4.3.2&#8243;][et_pb_text _builder_version=\u00bb4.3.2&#8243; header_2_line_height=\u00bb1.3em\u00bb header_3_font=\u00bbLato|300|||||||\u00bb header_3_text_align=\u00bbcenter\u00bb header_3_font_size=\u00bb30px\u00bb header_3_line_height=\u00bb1.3em\u00bb]<\/p>\n<h3><span style=\"font-size: xx-large;\"><strong>Ventajas del cooperativo en nuestras aulas<\/strong><\/span><\/h3>\n<p>[\/et_pb_text][\/et_pb_column][\/et_pb_row][et_pb_row column_structure=\u00bb1_2,1_2&#8243; _builder_version=\u00bb4.3.2&#8243; custom_padding=\u00bb||67px|||\u00bb][et_pb_column type=\u00bb1_2&#8243; _builder_version=\u00bb4.3.2&#8243;][et_pb_blurb title=\u00bbAumenta el compromiso con los dem\u00e1s\u00bb use_icon=\u00bbon\u00bb font_icon=\u00bb%%103%%\u00bb use_icon_font_size=\u00bbon\u00bb icon_font_size=\u00bb120px\u00bb _builder_version=\u00bb4.5.8&#8243; header_level=\u00bbh3&#8243; header_font=\u00bbLato||||||||\u00bb header_font_size=\u00bb28px\u00bb header_line_height=\u00bb1.3em\u00bb body_font=\u00bb||on||||||\u00bb body_text_color=\u00bb#51626f\u00bb body_font_size=\u00bb20px\u00bb body_line_height=\u00bb1.4em\u00bb text_orientation=\u00bbcenter\u00bb][\/et_pb_blurb][et_pb_blurb title=\u00bbMejora la responsabilidad individual y grupal\u00bb use_icon=\u00bbon\u00bb font_icon=\u00bb%%176%%\u00bb use_icon_font_size=\u00bbon\u00bb icon_font_size=\u00bb120px\u00bb _builder_version=\u00bb4.5.8&#8243; header_level=\u00bbh3&#8243; header_font=\u00bbLato||||||||\u00bb header_font_size=\u00bb28px\u00bb header_line_height=\u00bb1.3em\u00bb body_font=\u00bb||on||||||\u00bb body_text_color=\u00bb#51626f\u00bb body_font_size=\u00bb20px\u00bb body_line_height=\u00bb1.4em\u00bb text_orientation=\u00bbcenter\u00bb][\/et_pb_blurb][et_pb_blurb title=\u00bbDesarrolla una actitud cr\u00edtica\u00bb use_icon=\u00bbon\u00bb font_icon=\u00bb%%83%%\u00bb use_icon_font_size=\u00bbon\u00bb icon_font_size=\u00bb120px\u00bb _builder_version=\u00bb4.5.8&#8243; header_level=\u00bbh3&#8243; header_font=\u00bbLato||||||||\u00bb header_font_size=\u00bb28px\u00bb header_line_height=\u00bb1.3em\u00bb body_font=\u00bb||on||||||\u00bb body_text_color=\u00bb#51626f\u00bb body_font_size=\u00bb20px\u00bb body_line_height=\u00bb1.4em\u00bb text_orientation=\u00bbcenter\u00bb][\/et_pb_blurb][\/et_pb_column][et_pb_column type=\u00bb1_2&#8243; _builder_version=\u00bb4.3.2&#8243;][et_pb_blurb title=\u00bbFomenta la igualdad y la participaci\u00f3n entre iguales\u00bb use_icon=\u00bbon\u00bb font_icon=\u00bb%%138%%\u00bb use_icon_font_size=\u00bbon\u00bb icon_font_size=\u00bb120px\u00bb _builder_version=\u00bb4.5.8&#8243; header_level=\u00bbh3&#8243; header_font=\u00bbLato||||||||\u00bb header_font_size=\u00bb28px\u00bb header_line_height=\u00bb1.3em\u00bb body_font=\u00bb||on||||||\u00bb body_text_color=\u00bb#51626f\u00bb body_font_size=\u00bb20px\u00bb body_line_height=\u00bb1.4em\u00bb text_orientation=\u00bbcenter\u00bb][\/et_pb_blurb][et_pb_blurb title=\u00bbMejora de las habilidades sociales del grupo\u00bb use_icon=\u00bbon\u00bb font_icon=\u00bb%%151%%\u00bb use_icon_font_size=\u00bbon\u00bb icon_font_size=\u00bb120px\u00bb _builder_version=\u00bb4.5.8&#8243; header_level=\u00bbh3&#8243; header_font=\u00bbLato||||||||\u00bb header_font_size=\u00bb28px\u00bb header_line_height=\u00bb1.3em\u00bb body_font=\u00bb||on||||||\u00bb body_text_color=\u00bb#51626f\u00bb body_font_size=\u00bb20px\u00bb body_line_height=\u00bb1.4em\u00bb text_orientation=\u00bbcenter\u00bb][\/et_pb_blurb][et_pb_blurb title=\u00bbAporta un car\u00e1cter l\u00fadico\u00bb use_icon=\u00bbon\u00bb font_icon=\u00bb%%133%%\u00bb use_icon_font_size=\u00bbon\u00bb icon_font_size=\u00bb120px\u00bb _builder_version=\u00bb4.5.8&#8243; header_level=\u00bbh3&#8243; header_font=\u00bbLato||||||||\u00bb header_font_size=\u00bb28px\u00bb header_line_height=\u00bb1.3em\u00bb body_font=\u00bb||on||||||\u00bb body_text_color=\u00bb#51626f\u00bb body_font_size=\u00bb20px\u00bb body_line_height=\u00bb1.4em\u00bb text_orientation=\u00bbcenter\u00bb][\/et_pb_blurb][\/et_pb_column][\/et_pb_row][\/et_pb_section][et_pb_section fb_built=\u00bb1&#8243; prev_background_color=\u00bb#ffffff\u00bb next_background_color=\u00bb#ffffff\u00bb module_id=\u00bbFinESO\u00bb _builder_version=\u00bb4.4.6&#8243; background_color=\u00bb#dc001b\u00bb use_background_color_gradient=\u00bbon\u00bb background_color_gradient_start=\u00bb#dc001b\u00bb background_color_gradient_end=\u00bb#bf0019&#8243; background_color_gradient_type=\u00bbradial\u00bb background_color_gradient_start_position=\u00bb20%\u00bb custom_padding=\u00bb150px|||||\u00bb top_divider_style=\u00bbarrow2&#8243; bottom_divider_style=\u00bbarrow\u00bb bottom_divider_height=\u00bb10px\u00bb bottom_divider_repeat=\u00bb20x\u00bb scroll_vertical_motion_enable=\u00bbon\u00bb scroll_vertical_motion=\u00bb0|15|15|100|2|0|0&#8243; scroll_vertical_motion_tablet=\u00bb\u00bb scroll_vertical_motion_phone=\u00bb0|15|15|100|0|0|0&#8243; scroll_vertical_motion_last_edited=\u00bbon|phone\u00bb][et_pb_row column_structure=\u00bb1_3,1_3,1_3&#8243; _builder_version=\u00bb4.5.8&#8243; _module_preset=\u00bbdefault\u00bb][et_pb_column type=\u00bb1_3&#8243; _builder_version=\u00bb4.5.8&#8243; _module_preset=\u00bbdefault\u00bb][et_pb_image src=\u00bbhttps:\/\/alcala.salesianos.edu\/colegio\/wp-content\/uploads\/sites\/2\/2020\/11\/Disen\u0303o-sin-ti\u0301tulo-10.png\u00bb title_text=\u00bbDisen\u0303o sin ti\u0301tulo (10)\u00bb _builder_version=\u00bb4.5.8&#8243; _module_preset=\u00bbdefault\u00bb][\/et_pb_image][\/et_pb_column][et_pb_column type=\u00bb1_3&#8243; _builder_version=\u00bb4.5.8&#8243; _module_preset=\u00bbdefault\u00bb][et_pb_image src=\u00bbhttps:\/\/alcala.salesianos.edu\/colegio\/wp-content\/uploads\/sites\/2\/2020\/11\/Disen\u0303o-sin-ti\u0301tulo-8.png\u00bb title_text=\u00bbDisen\u0303o sin ti\u0301tulo (8)\u00bb _builder_version=\u00bb4.5.8&#8243; _module_preset=\u00bbdefault\u00bb][\/et_pb_image][\/et_pb_column][et_pb_column type=\u00bb1_3&#8243; _builder_version=\u00bb4.5.8&#8243; _module_preset=\u00bbdefault\u00bb][et_pb_image src=\u00bbhttps:\/\/alcala.salesianos.edu\/colegio\/wp-content\/uploads\/sites\/2\/2020\/11\/Disen\u0303o-sin-ti\u0301tulo-9.png\u00bb title_text=\u00bbDisen\u0303o sin ti\u0301tulo (9)\u00bb _builder_version=\u00bb4.5.8&#8243; _module_preset=\u00bbdefault\u00bb][\/et_pb_image][\/et_pb_column][\/et_pb_row][\/et_pb_section][et_pb_section fb_built=\u00bb1&#8243; admin_label=\u00bbsection\u00bb module_id=\u00bbFPBasica\u00bb _builder_version=\u00bb4.4.6&#8243; custom_padding=\u00bb100px|||||\u00bb][\/et_pb_section]<\/p>\n","protected":false},"excerpt":{"rendered":"<p>\u00a0El aprendizaje cooperativo basado en peque\u00f1os grupos de trabajo crea una atm\u00f3sfera de logro. Los estudiantes trabajan en una tarea hasta que los miembros del grupo la han completado exitosamente.\u00bfPara qu\u00e9 usamos el cooperativo?Para conseguir un aprendizaje m\u00e1s profundo sobre los contenidos que se pretenden al permitir un aprendizaje: Basado en el alumno. Basado en [&hellip;]<\/p>\n","protected":false},"author":2,"featured_media":0,"parent":0,"menu_order":0,"comment_status":"closed","ping_status":"closed","template":"","meta":{"_et_pb_use_builder":"on","_et_pb_old_content":"","_et_gb_content_width":"","footnotes":""},"class_list":["post-13260","page","type-page","status-publish","hentry"],"yoast_head":"<!-- This site is optimized with the Yoast SEO plugin v27.3 - https:\/\/yoast.com\/product\/yoast-seo-wordpress\/ -->\n<title>Cooperativo - Colegio Salesiano Alcal\u00e1<\/title>\n<meta name=\"robots\" content=\"index, follow, max-snippet:-1, max-image-preview:large, max-video-preview:-1\" \/>\n<link rel=\"canonical\" href=\"https:\/\/alcala.salesianos.edu\/colegio\/cooperativo\/\" \/>\n<meta property=\"og:locale\" content=\"es_ES\" \/>\n<meta property=\"og:type\" content=\"article\" \/>\n<meta property=\"og:title\" content=\"Cooperativo - Colegio Salesiano Alcal\u00e1\" \/>\n<meta property=\"og:description\" content=\"\u00a0El aprendizaje cooperativo basado en peque\u00f1os grupos de trabajo crea una atm\u00f3sfera de logro. Los estudiantes trabajan en una tarea hasta que los miembros del grupo la han completado exitosamente.\u00bfPara qu\u00e9 usamos el cooperativo?Para conseguir un aprendizaje m\u00e1s profundo sobre los contenidos que se pretenden al permitir un aprendizaje: Basado en el alumno. Basado en [&hellip;]\" \/>\n<meta property=\"og:url\" content=\"https:\/\/alcala.salesianos.edu\/colegio\/cooperativo\/\" \/>\n<meta property=\"og:site_name\" content=\"Colegio Salesiano Alcal\u00e1\" \/>\n<meta property=\"article:modified_time\" content=\"2025-08-27T08:04:56+00:00\" \/>\n<meta name=\"twitter:card\" content=\"summary_large_image\" \/>\n<meta name=\"twitter:label1\" content=\"Tiempo de lectura\" \/>\n\t<meta name=\"twitter:data1\" content=\"6 minutos\" \/>\n<script type=\"application\/ld+json\" class=\"yoast-schema-graph\">{\"@context\":\"https:\\\/\\\/schema.org\",\"@graph\":[{\"@type\":\"WebPage\",\"@id\":\"https:\\\/\\\/alcala.salesianos.edu\\\/colegio\\\/cooperativo\\\/\",\"url\":\"https:\\\/\\\/alcala.salesianos.edu\\\/colegio\\\/cooperativo\\\/\",\"name\":\"Cooperativo - Colegio Salesiano Alcal\u00e1\",\"isPartOf\":{\"@id\":\"https:\\\/\\\/alcala.salesianos.edu\\\/colegio\\\/#website\"},\"datePublished\":\"2020-11-13T06:20:51+00:00\",\"dateModified\":\"2025-08-27T08:04:56+00:00\",\"breadcrumb\":{\"@id\":\"https:\\\/\\\/alcala.salesianos.edu\\\/colegio\\\/cooperativo\\\/#breadcrumb\"},\"inLanguage\":\"es\",\"potentialAction\":[{\"@type\":\"ReadAction\",\"target\":[\"https:\\\/\\\/alcala.salesianos.edu\\\/colegio\\\/cooperativo\\\/\"]}]},{\"@type\":\"BreadcrumbList\",\"@id\":\"https:\\\/\\\/alcala.salesianos.edu\\\/colegio\\\/cooperativo\\\/#breadcrumb\",\"itemListElement\":[{\"@type\":\"ListItem\",\"position\":1,\"name\":\"Portada\",\"item\":\"https:\\\/\\\/alcala.salesianos.edu\\\/colegio\\\/\"},{\"@type\":\"ListItem\",\"position\":2,\"name\":\"Cooperativo\"}]},{\"@type\":\"WebSite\",\"@id\":\"https:\\\/\\\/alcala.salesianos.edu\\\/colegio\\\/#website\",\"url\":\"https:\\\/\\\/alcala.salesianos.edu\\\/colegio\\\/\",\"name\":\"Colegio Salesiano Alcal\u00e1\",\"description\":\"P\u00e1gina oficial de Salesianos Alcal\u00e1 de Guadaira\",\"potentialAction\":[{\"@type\":\"SearchAction\",\"target\":{\"@type\":\"EntryPoint\",\"urlTemplate\":\"https:\\\/\\\/alcala.salesianos.edu\\\/colegio\\\/?s={search_term_string}\"},\"query-input\":{\"@type\":\"PropertyValueSpecification\",\"valueRequired\":true,\"valueName\":\"search_term_string\"}}],\"inLanguage\":\"es\"}]}<\/script>\n<!-- \/ Yoast SEO plugin. -->","yoast_head_json":{"title":"Cooperativo - Colegio Salesiano Alcal\u00e1","robots":{"index":"index","follow":"follow","max-snippet":"max-snippet:-1","max-image-preview":"max-image-preview:large","max-video-preview":"max-video-preview:-1"},"canonical":"https:\/\/alcala.salesianos.edu\/colegio\/cooperativo\/","og_locale":"es_ES","og_type":"article","og_title":"Cooperativo - Colegio Salesiano Alcal\u00e1","og_description":"\u00a0El aprendizaje cooperativo basado en peque\u00f1os grupos de trabajo crea una atm\u00f3sfera de logro. Los estudiantes trabajan en una tarea hasta que los miembros del grupo la han completado exitosamente.\u00bfPara qu\u00e9 usamos el cooperativo?Para conseguir un aprendizaje m\u00e1s profundo sobre los contenidos que se pretenden al permitir un aprendizaje: Basado en el alumno. Basado en [&hellip;]","og_url":"https:\/\/alcala.salesianos.edu\/colegio\/cooperativo\/","og_site_name":"Colegio Salesiano Alcal\u00e1","article_modified_time":"2025-08-27T08:04:56+00:00","twitter_card":"summary_large_image","twitter_misc":{"Tiempo de lectura":"6 minutos"},"schema":{"@context":"https:\/\/schema.org","@graph":[{"@type":"WebPage","@id":"https:\/\/alcala.salesianos.edu\/colegio\/cooperativo\/","url":"https:\/\/alcala.salesianos.edu\/colegio\/cooperativo\/","name":"Cooperativo - Colegio Salesiano Alcal\u00e1","isPartOf":{"@id":"https:\/\/alcala.salesianos.edu\/colegio\/#website"},"datePublished":"2020-11-13T06:20:51+00:00","dateModified":"2025-08-27T08:04:56+00:00","breadcrumb":{"@id":"https:\/\/alcala.salesianos.edu\/colegio\/cooperativo\/#breadcrumb"},"inLanguage":"es","potentialAction":[{"@type":"ReadAction","target":["https:\/\/alcala.salesianos.edu\/colegio\/cooperativo\/"]}]},{"@type":"BreadcrumbList","@id":"https:\/\/alcala.salesianos.edu\/colegio\/cooperativo\/#breadcrumb","itemListElement":[{"@type":"ListItem","position":1,"name":"Portada","item":"https:\/\/alcala.salesianos.edu\/colegio\/"},{"@type":"ListItem","position":2,"name":"Cooperativo"}]},{"@type":"WebSite","@id":"https:\/\/alcala.salesianos.edu\/colegio\/#website","url":"https:\/\/alcala.salesianos.edu\/colegio\/","name":"Colegio Salesiano Alcal\u00e1","description":"P\u00e1gina oficial de Salesianos Alcal\u00e1 de Guadaira","potentialAction":[{"@type":"SearchAction","target":{"@type":"EntryPoint","urlTemplate":"https:\/\/alcala.salesianos.edu\/colegio\/?s={search_term_string}"},"query-input":{"@type":"PropertyValueSpecification","valueRequired":true,"valueName":"search_term_string"}}],"inLanguage":"es"}]}},"_links":{"self":[{"href":"https:\/\/alcala.salesianos.edu\/colegio\/wp-json\/wp\/v2\/pages\/13260","targetHints":{"allow":["GET"]}}],"collection":[{"href":"https:\/\/alcala.salesianos.edu\/colegio\/wp-json\/wp\/v2\/pages"}],"about":[{"href":"https:\/\/alcala.salesianos.edu\/colegio\/wp-json\/wp\/v2\/types\/page"}],"author":[{"embeddable":true,"href":"https:\/\/alcala.salesianos.edu\/colegio\/wp-json\/wp\/v2\/users\/2"}],"replies":[{"embeddable":true,"href":"https:\/\/alcala.salesianos.edu\/colegio\/wp-json\/wp\/v2\/comments?post=13260"}],"version-history":[{"count":4,"href":"https:\/\/alcala.salesianos.edu\/colegio\/wp-json\/wp\/v2\/pages\/13260\/revisions"}],"predecessor-version":[{"id":13270,"href":"https:\/\/alcala.salesianos.edu\/colegio\/wp-json\/wp\/v2\/pages\/13260\/revisions\/13270"}],"wp:attachment":[{"href":"https:\/\/alcala.salesianos.edu\/colegio\/wp-json\/wp\/v2\/media?parent=13260"}],"curies":[{"name":"wp","href":"https:\/\/api.w.org\/{rel}","templated":true}]}}